5*w**2/2 - 11*w. Let u be b(0). Let x = u + 14. List the prime factors of x.
3
What are the prime factors of (2258/(-4))/((-15)/30)?
1129
Suppose -5*d - 2 = -2*f, f = 6*f + 3*d - 5. Let v(r) = 3*r. Let g be v(f). Suppose -2*k + 9 = -g. List the prime factors of k.
2, 3
Suppose 0 = 5*u - 2*n - 6998, -2*n + 2812 = 2*u - 6*n. List the prime factors of u.
2, 3, 233
Let y(b) = -b**2 - 15*b + 14. Let d be y(-16). List the prime factors of (16 - 34)/(d/27).
3
Let g(q) = -758*q + 441. List the prime factors of g(-5).
4231
What are the prime factors of 3/6*2*-4 + 404?
2, 5
Let k = -4 + 8. Let t be k/(-6) + 8/12. Suppose 84 = 3*r - t*r. What are the prime factors of r?
2, 7
Suppose -3*n + 2*l + 21 = l, -3*n = 2*l - 12. Suppose -3*w - 9 = -n*w. What are the prime factors of (-59)/(-4) - w/(-12)?
3, 5
What are the prime factors of -5*10/225 - (-12314)/9?
2, 3, 19
Suppose 0 = -4*n - 4*c + 14408, 10808 = -125*n + 128*n + 4*c. List the prime factors of n.
2, 3, 5
Suppose 0 = -2*k - 5*c + 14, 5*k - 3*c = 3 + 1. Suppose -k*t + w = 4*w - 24, -8 = -2*w. What are the prime factors of t?
2, 3
Let j = 1515 - 359. List the prime factors of j.
2, 17
Let h = 137 + 456. Suppose 4*y = 4*i + 472, 5*y + 2*i - 4*i - h = 0. What are the prime factors of y?
7, 17
Let j = 389 + -245. Let r = j + -18. What are the prime factors of r?
2, 3, 7
Let t = -136 - -190. Let f(n) = n**2 + 12*n - 4. Let p be f(-6). Let o = p + t. What are the prime factors of o?
2, 7
Suppose 2*j + 2*o - 5*o = 7, -4*o - 14 = 2*j. Let y(x) = -98*x**3 - 2*x - 1. List the prime factors of y(j).
3, 11
Let y = -271 + 86. Let b = -115 - y. List the prime factors of b.
2, 5, 7
Let a(c) = -3*c**3 + 2*c**3 + 6*c**2 + 3*c - 5 + 13 - 2. List the prime factors of a(6).
2, 3
Suppose -8*c + 3*c + 590 = 0. Let l be (-14)/(-8) + 897/276. Suppose 3*q + c = 5*h, q - 116 = -l*h + 2*q. List the prime factors of h.
23
Suppose c = -4*o + 618, -4*c - 47*o + 51*o = -2452. What are the prime factors of c?
2, 307
What are the prime factors of (-705)/(-10) - (-2)/(-7 + 3)?
2, 5, 7
Suppose -9*p + 1737 = -3672. List the prime factors of p.
601
Let a(o) = -o**3 + 7*o**2 + 5*o - 1. Let p be ((-2)/(-5))/(2/30). Let j be a(p). Suppose -4*z + j = -27. What are the prime factors of z?
23
Suppose 0 = 5*c - 0*o + 3*o - 35, 5*c + o - 35 = 0. List the prime factors of c.
7
Let m be (-6)/27 - (-1019)/9. Let x = -69 + m. What are the prime factors of x?
2, 11
Suppose -9 = -5*c + 1. Suppose 2*i + c*q - 7*q - 103 = 0, -71 = -i - 4*q. List the prime factors of i.
59
Let p(g) = g**3 - 10*g**2 - 9*g + 47. List the prime factors of p(20).
3, 1289
Suppose -2*j + 4278 = -4*f, -3*j + 4*j - 4*f = 2139. What are the prime factors of j?
3, 23, 31
Suppose -7*m - 5*l = -3*m - 1909, -5*l - 471 = -m. What are the prime factors of m?
2, 7, 17
Let z = 10 - 21. Let b = 9 + z. List the prime factors of 2*(1*-10)/b.
2, 5
Let m be -8 + -1 + (0 - (-2)/(-1)). Let s(w) = w**3 + 12*w**2 + 3*w + 2. What are the prime factors of s(m)?
2, 3, 5
Let f(n) = -n**3 - 2*n**2 - 2*n - 1. Let g be f(-1). Suppose g = -2*h + 4*v + 92 + 216, 5*h + 2*v - 710 = 0. What are the prime factors of h?
2, 3
Suppose w - 1346 = y, -5*w - 11*y = -13*y - 6727. What are the prime factors of w?
5, 269
Let d be (21/35 - 0)/((-1)/(-10)). Suppose 0 = 5*u + 3*k - 503, d*k = -u + 2*k + 87. What are the prime factors of u?
103
Suppose 4*o + j - 2939 = 0, 5*o = -3*j + 8*j + 3655. What are the prime factors of o?
2, 367
Suppose -h - 4*h = -15, -703 = -4*a + 3*h. Let i = -125 + a. What are the prime factors of i?
53
Suppose -2*g - 67 - 97 = 3*c, -246 = 3*g - 3*c. Let z = g - -136. List the prime factors of z.
2, 3
Suppose -17 = -d + r, 0 = -d - 2*r + 4*r + 16. Suppose -d = -2*n + 2*u, -4*n + 3*u = -0*n - 41. Let f = -9 + n. List the prime factors of f.
5
Suppose -633 = -4*v + 111. Let r = v - 8. What are the prime factors of r?
2, 89
Let f = 104 + -40. List the prime factors of f.
2
Suppose 0*y - 90 = 5*y. List the prime factors of (y - -2)/(10/(-40)).
2
Let f = 277 + -35. What are the prime factors of f?
2, 11
Suppose -3*y + 1821 = -2*t, t - 80 = -3*y + 1741. List the prime factors of y.
607
Let q(y) = 91*y**2 + 23*y + 113. List the prime factors of q(-5).
2273
Suppose 0 = -3*g - 4*u + 3*u + 8, -2*g - 4*u = -2. Let m(l) = 3*l - 4*l - 16*l**g + 2*l**2 - 3*l**2 - 1. What are the prime factors of m(-1)?
3, 5
Let p(k) = 5*k**2 + 9*k + 6. Let t(r) = 10*r**2 + 17*r + 13. Let h(v) = -5*p(v) + 3*t(v). What are the prime factors of h(6)?
3, 5
Let b = 64 - 55. Suppose 0 = b*n - 426 - 69. List the prime factors of n.
5, 11
Let q = 814 + -351. List the prime factors of q.
463
Suppose 8*p = 13*p + 4*l - 2013, l = 2. List the prime factors of p.
401
Suppose 2*b - q - 1309 = 0, -2*b + 2*q + 1284 = 6*q. List the prime factors of b.
2, 163
Let s be -2*2/4*-5. Suppose q - 196 = -s*n - q, -4*n = -4*q - 168. Suppose 5*v + 0*v = n. List the prime factors of v.
2
Let j(s) = 7*s**2 + 7*s + 4. Let h = -11 + 15. Suppose 31 = -2*x - y - h*y, 14 = 2*x - 4*y. List the prime factors of j(x).
2, 23
Let o(a) = a**2 + 6*a + 3. Let v be o(-8). Let l(x) = 4*x**2 + 12 - 2*x**2 - 2*x - v. List the prime factors of l(4).
17
Let z(g) = 4*g**2 - 10*g - 169. List the prime factors of z(15).
7, 83
Let z = 25 - -158. Suppose z + 83 = 2*s. What are the prime factors of s?
7, 19
Let o = -1 - -3. Suppose -o*j = -63 - 73. List the prime factors of j.
2, 17
Let s(l) = 4*l**2 - 4*l - 3. Let k be s(-2). Suppose 1 = -5*q + k. Suppose 69 = 4*z + 3*f, -f = q*z - 4*f - 51. List the prime factors of z.
3, 5
Let z = -694 - -2492. List the prime factors of z.
2, 29, 31
Let a = 2674 - -2765. What are the prime factors of (-1)/8 - (a/(-56) - -5)?
2, 23
Let q(x) = 12*x - 14. Suppose -4*f + 2*f + 14 = 0. List the prime factors of q(f).
2, 5, 7
What are the prime factors of (-2 - -430)/(8*3/84)?
2, 7, 107
Let c be 1094/(-14) - 0 - 24/(-168). Let p = c + 205. What are the prime factors of p?
127
Let k(q) = 772*q + 278. What are the prime factors of k(3)?
2, 1297
Let b(d) = -185*d - 16. What are the prime factors of b(-3)?
7, 11
Let d(o) = 141*o**3 + o**2 - 2*o + 1. Let v be d(1). Let j be v/24 - 6/(-48). Let p = 11 - j. List the prime factors of p.
5
Let g(m) = 28*m**2 + 3*m + 6. Let o be g(-2). Let c = o - 67. What are the prime factors of c?
3, 5
Let c(h) = -h**3 - 7*h**2 + 4. Let d be c(-7). Suppose 2*a = d*a - 44. List the prime factors of a.
2, 11
Let d = -253 - -1198. What are the prime factors of d?
3, 5, 7
Suppose 4*n = -4, 5*z + 2*n + 2*n = -4. Suppose -8 = -2*d - z. Suppose -103 = -d*h - h + 4*w, 3*h - 3*w = 63. What are the prime factors of h?
19
Let r = -152 + 232. Suppose 0 = -z - 0*z + 4*y + 39, 2*y = -5*z + 217. Let f = r - z. List the prime factors of f.
37
Let f(y) = -93*y - 8. Let s = 116 - 117. List the prime factors of f(s).
5, 17
Let r = -22 - -18. Let z(v) = -7*v + 3. List the prime factors of z(r).
31
Let f(s) = 19*s - 2. List the prime factors of f(12).
2, 113
Suppose -234 = -51*j + 50*j. Suppose 0 = -3*q - a + j, 278 = 3*q - 2*a + 53. List the prime factors of q.
7, 11
Let u(z) = 2*z**2 + 18*z - 29. Let m be u(16). Suppose 4*x = -c + 163, 2*c + 3*c - 2*x = m. What are the prime factors of c?
5, 31
Suppose 12 = -3*f, 5*f + 37 = 3*m + f. Suppose 59 = -m*w + 283. What are the prime factors of w?
2
Let z(l) = 49*l - 382. What are the prime factors of z(28)?
2, 3, 5, 11
Suppose 4*q = 3*q + 360. Let v = q + -794. What are the prime factors of (-2)/9 + v/(-9)?
2, 3
Suppose 3*v - v = -10. List the prime factors of 1/2*(-220)/v.
2, 11
Let g(j) = -7*j**2 + 3*j + 1950. List the prime factors of g(0).
2, 3, 5, 13
Let j = 133 + -1. Suppose 5*r = r + j. List the prime factors of r.
3, 11
Suppose 6*g = 2*g. Suppose -2*b - 5 + 115 = g. List the prime factors of b.
5, 11
What are the prime factors of 31647/10 - (-60)/200?
3, 5, 211
Let k = -167 + 98. Let u be (k - (2 - 0))*-1. Let h = u - 19. List the prime factors of h.
2, 13
Let k be (-1)/(-3) + 10/6. Suppose 0 = -2*f + f + 5. Suppose -f*t - 28 = -q, 5*t = -k*q + t + 84. List the prime factors of q.
2, 19
Suppose -4*t - 367 = 3*o, 5*o + 5*t + 339 = -276. Let m = -22 - o. List the prime factors of m.
103
Let s = 15 - 12. Let i = 33 + 68. Suppose -2*u - s*t + 6 = -i, 5*u = 5*t + 205. List the prime facto